{"id":6484,"date":"2024-11-07T10:40:21","date_gmt":"2024-11-07T09:40:21","guid":{"rendered":"http:\/\/wp.steclairearras.org\/2024\/?page_id=6484"},"modified":"2025-01-24T15:46:36","modified_gmt":"2025-01-24T14:46:36","slug":"video","status":"publish","type":"page","link":"https:\/\/wp.steclairearras.org\/2024\/video\/","title":{"rendered":"Video"},"content":{"rendered":"<div id='full_slider_1'  class='avia-fullwidth-slider main_color avia-shadow   avia-builder-el-0  el_before_av_layout_row  avia-builder-el-first   container_wrap sidebar_right'  ><div  class='avia-slideshow av-m374bvsw-835d994891e30e8d0903a59c382c56eb avia-slideshow-entry_without_sidebar av_slideshow_full avia-slide-slider av-slideshow-ui av-control-default av-slideshow-manual av-loop-once av-loop-manual-endless av-default-height-applied   avia-slideshow-1' data-slideshow-options=\"{&quot;animation&quot;:&quot;slide&quot;,&quot;autoplay&quot;:false,&quot;loop_autoplay&quot;:&quot;once&quot;,&quot;interval&quot;:5,&quot;loop_manual&quot;:&quot;manual-endless&quot;,&quot;autoplay_stopper&quot;:false,&quot;noNavigation&quot;:false,&quot;bg_slider&quot;:false,&quot;keep_padding&quot;:false,&quot;hoverpause&quot;:false,&quot;show_slide_delay&quot;:0}\"  itemprop=\"image\" itemscope=\"itemscope\" itemtype=\"https:\/\/schema.org\/ImageObject\" ><ul class='avia-slideshow-inner ' style='padding-bottom: 34.95867768595%;'><li  class='avia-slideshow-slide av-m374bvsw-835d994891e30e8d0903a59c382c56eb__0  av-single-slide slide-1 slide-odd'><div data-rel='slideshow-1' class='avia-slide-wrap '   ><img decoding=\"async\" fetchpriority=\"high\" class=\"wp-image-6487 avia-img-lazy-loading-not-6487\"  src=\"https:\/\/wp.steclairearras.org\/2024\/wp-content\/uploads\/2024\/11\/9A5A1204-3-1210x423.jpg\" width=\"1210\" height=\"423\" title='9A5A1204 3' alt=''  itemprop=\"thumbnailUrl\"   \/><\/div><\/li><\/ul><\/div><\/div>\n<div id='av-layout-grid-1'  class='av-layout-grid-container av-b7pp63-f924e2ec668cd0dd95cfdb74a61a4b52 entry-content-wrapper main_color av-fixed-cells  avia-builder-el-1  el_after_av_slideshow_full  el_before_av_section  grid-row-not-first  container_wrap sidebar_right'  >\n\n<style type=\"text\/css\" data-created_by=\"avia_inline_auto\" id=\"style-css-av-31opq5n-360d46a8f1b358195511c65d0666d185\">\n.flex_cell.av-31opq5n-360d46a8f1b358195511c65d0666d185{\nvertical-align:top;\nbackground-color:#e4d6be;\n}\n.responsive #top #wrap_all .flex_cell.av-31opq5n-360d46a8f1b358195511c65d0666d185{\npadding:9px 0px 0px 0px !important;\n}\n<\/style>\n<div class='flex_cell av-31opq5n-360d46a8f1b358195511c65d0666d185 av-gridrow-cell av_one_half no_margin  avia-builder-el-2  el_before_av_cell_one_half  avia-builder-el-first '  ><div class='flex_cell_inner'><\/div><\/div>\n<style type=\"text\/css\" data-created_by=\"avia_inline_auto\" id=\"style-css-av-2zo39sb-f7aa6061d6e0d90a84474dc6a28f9719\">\n.flex_cell.av-2zo39sb-f7aa6061d6e0d90a84474dc6a28f9719{\nvertical-align:top;\nbackground-color:#e4d6be;\n}\n.responsive #top #wrap_all .flex_cell.av-2zo39sb-f7aa6061d6e0d90a84474dc6a28f9719{\npadding:9px 0px 0px 0px !important;\n}\n<\/style>\n<div class='flex_cell av-2zo39sb-f7aa6061d6e0d90a84474dc6a28f9719 av-gridrow-cell av_one_half no_margin  avia-builder-el-3  el_after_av_cell_one_half  avia-builder-el-last '  ><div class='flex_cell_inner'><\/div><\/div>\n<\/div>\n<div id='av_section_1'  class='avia-section av-2ymjgnv-576a528e01e569680f668dd721905e5e main_color avia-section-small avia-no-border-styling  avia-builder-el-4  el_after_av_layout_row  el_before_av_section  avia-bg-style-scroll container_wrap sidebar_right'  ><div class='container av-section-cont-open' ><div class='template-page content  av-content-small alpha units'><div class='post-entry post-entry-type-page post-entry-6484'><div class='entry-content-wrapper clearfix'>\n<div class='flex_column_table av-2wilmgb-566035fff4247592436737ba1640874b sc-av_one_third av-equal-height-column-flextable'>\n<style type=\"text\/css\" data-created_by=\"avia_inline_auto\" id=\"style-css-av-2wilmgb-566035fff4247592436737ba1640874b\">\n#top .flex_column_table.av-equal-height-column-flextable.av-2wilmgb-566035fff4247592436737ba1640874b{\nmargin-top:-100px;\nmargin-bottom:0px;\n}\n.flex_column.av-2wilmgb-566035fff4247592436737ba1640874b{\nborder-radius:0px 0px 0px 0px;\npadding:40px 40px 40px 40px;\n}\n<\/style>\n<div  class='flex_column av-2wilmgb-566035fff4247592436737ba1640874b av_one_third  avia-builder-el-5  el_before_av_one_third  avia-builder-el-first  first no_margin flex_column_table_cell av-equal-height-column av-align-top  '     ><\/div>\n<style type=\"text\/css\" data-created_by=\"avia_inline_auto\" id=\"style-css-av-a9xcl7-9207d1140a766672283feafcbedc68c6\">\n#top .flex_column_table.av-equal-height-column-flextable.av-a9xcl7-9207d1140a766672283feafcbedc68c6{\nmargin-top:-100px;\nmargin-bottom:0px;\n}\n.flex_column.av-a9xcl7-9207d1140a766672283feafcbedc68c6{\nborder-radius:0px 0px 0px 0px;\npadding:30px 30px 30px 30px;\nbackground-color:#e4d6be;\n}\n<\/style>\n<div  class='flex_column av-a9xcl7-9207d1140a766672283feafcbedc68c6 av_one_third  avia-builder-el-6  el_after_av_one_third  el_before_av_one_third  no_margin flex_column_table_cell av-equal-height-column av-align-top  '     ><p>\n<style type=\"text\/css\" data-created_by=\"avia_inline_auto\" id=\"style-css-av-a7dm4b-f2af816ff56333c11605f84f34185a11\">\n#top .hr.hr-invisible.av-a7dm4b-f2af816ff56333c11605f84f34185a11{\nheight:20px;\n}\n<\/style>\n<div  class='hr av-a7dm4b-f2af816ff56333c11605f84f34185a11 hr-invisible  avia-builder-el-7  el_before_av_textblock  avia-builder-el-first '><span class='hr-inner '><span class=\"hr-inner-style\"><\/span><\/span><\/div><br \/>\n\n<style type=\"text\/css\" data-created_by=\"avia_inline_auto\" id=\"style-css-av-lq85t2jc-96f59f7d6c961acef5d533eb75ebe87f\">\n#top .av_textblock_section.av-lq85t2jc-96f59f7d6c961acef5d533eb75ebe87f .avia_textblock{\ncolor:#9b776b;\ntext-align:center;\n}\n<\/style>\n<section  class='av_textblock_section av-lq85t2jc-96f59f7d6c961acef5d533eb75ebe87f '   itemscope=\"itemscope\" itemtype=\"https:\/\/schema.org\/CreativeWork\" ><div class='avia_textblock av_inherit_color'  itemprop=\"text\" ><h2>Nos vid\u00e9os<\/h2>\n<\/div><\/section><br \/>\n\n<style type=\"text\/css\" data-created_by=\"avia_inline_auto\" id=\"style-css-av-2spukij-e255ec1c72200f23b73151ba83779f47\">\n#top .hr.hr-invisible.av-2spukij-e255ec1c72200f23b73151ba83779f47{\nheight:8px;\n}\n<\/style>\n<div  class='hr av-2spukij-e255ec1c72200f23b73151ba83779f47 hr-invisible  avia-builder-el-9  el_after_av_textblock  avia-builder-el-last '><span class='hr-inner '><span class=\"hr-inner-style\"><\/span><\/span><\/div><\/p><\/div>\n<style type=\"text\/css\" data-created_by=\"avia_inline_auto\" id=\"style-css-av-2qkni7v-dcd63483d783208da300d7fb6e73d32d\">\n#top .flex_column_table.av-equal-height-column-flextable.av-2qkni7v-dcd63483d783208da300d7fb6e73d32d{\nmargin-top:-100px;\nmargin-bottom:0px;\n}\n.flex_column.av-2qkni7v-dcd63483d783208da300d7fb6e73d32d{\nborder-radius:0px 0px 0px 0px;\npadding:40px 40px 40px 40px;\n}\n<\/style>\n<div  class='flex_column av-2qkni7v-dcd63483d783208da300d7fb6e73d32d av_one_third  avia-builder-el-10  el_after_av_one_third  avia-builder-el-last  no_margin flex_column_table_cell av-equal-height-column av-align-top  '     ><\/div><\/div><!--close column table wrapper. Autoclose: 1 -->\n\n<\/div><\/div><\/div><!-- close content main div --><\/div><\/div><div id='av_section_2'  class='avia-section av-oe2lor-ec197b4994278cdbe2a23adff4cd28ac main_color avia-section-small avia-no-border-styling  avia-builder-el-11  el_after_av_section  avia-builder-el-last  avia-bg-style-scroll container_wrap sidebar_right'  ><div class='container av-section-cont-open' ><div class='template-page content  av-content-small alpha units'><div class='post-entry post-entry-type-page post-entry-6484'><div class='entry-content-wrapper clearfix'>\n<section  class='av_textblock_section av-idhbiz-a8d9cd82a221fe962d43d1f8981b769c '   itemscope=\"itemscope\" itemtype=\"https:\/\/schema.org\/CreativeWork\" ><div class='avia_textblock'  itemprop=\"text\" ><h2>Ces voix silencieuses<\/h2>\n<\/div><\/section>\n<div  class='avia-slideshow av-m6avbcdh-3c7103759b2f994df04bb9fd15943467 avia-slideshow-featured av_slideshow avia-slide-slider  avia-builder-el-13  el_after_av_textblock  el_before_av_textblock  av-slideshow-ui av-control-default av-slideshow-manual av-loop-once av-loop-manual-endless av-default-height-applied avia-slideshow-2' data-slideshow-options=\"{&quot;animation&quot;:&quot;slide&quot;,&quot;autoplay&quot;:false,&quot;loop_autoplay&quot;:&quot;once&quot;,&quot;interval&quot;:5,&quot;loop_manual&quot;:&quot;manual-endless&quot;,&quot;autoplay_stopper&quot;:false,&quot;noNavigation&quot;:false,&quot;bg_slider&quot;:false,&quot;keep_padding&quot;:false,&quot;hoverpause&quot;:false,&quot;show_slide_delay&quot;:0}\"  itemprop=\"image\" itemscope=\"itemscope\" itemtype=\"https:\/\/schema.org\/ImageObject\" ><ul class='avia-slideshow-inner ' style='padding-bottom: 28.666666666667%;'><li  data-controls='' data-mute='' data-loop='' data-disable-autoplay='aviaTBaviaTBvideo_autoplay'  data-mobile-img='https:\/\/wp.steclairearras.org\/2024\/wp-content\/uploads\/2025\/01\/Capture-decran-2025-01-24-a-15.38.12-1500x430.png' data-fallback-link='https:\/\/' data-video-ratio='1.7777777777778' class='avia-slideshow-slide av-m6avbcdh-3c7103759b2f994df04bb9fd15943467__0  av-video-slide  av-video-service-youtube  av-mobile-fallback-image  av-single-slide slide-1 slide-odd'><div data-rel='slideshow-2' class='avia-slide-wrap ' style='background-image:url(\"https:\/\/wp.steclairearras.org\/2024\/wp-content\/uploads\/2025\/01\/Capture-decran-2025-01-24-a-15.38.12-1500x430.png\");'  ><div class='av-click-overlay'><\/div><div class='mejs-mediaelement'  itemprop=\"video\" itemtype=\"https:\/\/schema.org\/VideoObject\" ><div height='1600' width='900' class='av_youtube_frame' id='player_6484_996483540_470933676'  data-autoplay='0'  data-videoid='Jk-DIYWD6x4'  data-hd='1'  data-rel='0'  data-wmode='opaque'  data-loop='0'  data-version='3'  data-autohide='1'  data-color='white'  data-controls='1'  data-iv_load_policy='3'  data-original_url='https:\/\/www.youtube.com\/watch?v=Jk-DIYWD6x4' ><\/div><\/div><div class=\"av-click-to-play-overlay\"><div class=\"avia_playpause_icon\"><\/div><\/div><\/div><\/li><\/ul><\/div>\n<section  class='av_textblock_section av-d4c4cr-c04d3db58e8cd87267af669b10d1fb76 '   itemscope=\"itemscope\" itemtype=\"https:\/\/schema.org\/CreativeWork\" ><div class='avia_textblock'  itemprop=\"text\" ><blockquote>\n<h4 class=\"style-scope ytd-watch-metadata\">\u00a0 \u00a0R\u00e9alis\u00e9 par L&rsquo;Universit\u00e9 Polytechnique des Hauts de France<\/h4>\n<\/blockquote>\n<\/div><\/section>\n<div  class='avia-button-wrap av-m6av7hg9-935901f3c3f71c131273096dbd383af6-wrap avia-button-center  avia-builder-el-15  el_after_av_textblock  el_before_av_textblock '><a href='https:\/\/www.youtube.com\/watch?v=Jk-DIYWD6x4'  class='avia-button av-m6av7hg9-935901f3c3f71c131273096dbd383af6 avia-icon_select-yes-left-icon avia-size-small avia-position-center avia-color-theme-color'  ><span class='avia_button_icon avia_button_icon_left' aria-hidden='true' data-av_icon='\ue80d' data-av_iconfont='entypo-fontello'><\/span><span class='avia_iconbox_title' >Lien vers la vid\u00e9o<\/span><\/a><\/div>\n<section  class='av_textblock_section av-m3748m8n-867772849658c5a449d1f7f54c28d0f4 '   itemscope=\"itemscope\" itemtype=\"https:\/\/schema.org\/CreativeWork\" ><div class='avia_textblock'  itemprop=\"text\" ><h2>Clarisses d&rsquo;Arras : hier et aujourd&rsquo;hui<\/h2>\n<\/div><\/section>\n<div  class='avia-slideshow av-m6ave0w5-3d11b9d8691ce103e305d928eff20d84 avia-slideshow-featured av_slideshow avia-slide-slider  avia-builder-el-17  el_after_av_textblock  el_before_av_textblock  av-slideshow-ui av-control-default av-slideshow-manual av-loop-once av-loop-manual-endless av-default-height-applied avia-slideshow-3' data-slideshow-options=\"{&quot;animation&quot;:&quot;slide&quot;,&quot;autoplay&quot;:false,&quot;loop_autoplay&quot;:&quot;once&quot;,&quot;interval&quot;:5,&quot;loop_manual&quot;:&quot;manual-endless&quot;,&quot;autoplay_stopper&quot;:false,&quot;noNavigation&quot;:false,&quot;bg_slider&quot;:false,&quot;keep_padding&quot;:false,&quot;hoverpause&quot;:false,&quot;show_slide_delay&quot;:0}\"  itemprop=\"image\" itemscope=\"itemscope\" itemtype=\"https:\/\/schema.org\/ImageObject\" ><ul class='avia-slideshow-inner ' style='padding-bottom: 28.666666666667%;'><li  data-controls='' data-mute='' data-loop='' data-disable-autoplay='aviaTBaviaTBvideo_autoplay'  data-mobile-img='https:\/\/wp.steclairearras.org\/2024\/wp-content\/uploads\/2025\/01\/Capture-decran-2025-01-24-a-15.40.40-1500x430.png' data-fallback-link='https:\/\/' data-video-ratio='1.7777777777778' class='avia-slideshow-slide av-m6ave0w5-3d11b9d8691ce103e305d928eff20d84__0  av-video-slide  av-video-service-youtube  av-mobile-fallback-image  av-single-slide slide-1 slide-odd'><div data-rel='slideshow-3' class='avia-slide-wrap ' style='background-image:url(\"https:\/\/wp.steclairearras.org\/2024\/wp-content\/uploads\/2025\/01\/Capture-decran-2025-01-24-a-15.40.40-1500x430.png\");'  ><div class='av-click-overlay'><\/div><div class='mejs-mediaelement'  itemprop=\"video\" itemtype=\"https:\/\/schema.org\/VideoObject\" ><div height='1600' width='900' class='av_youtube_frame' id='player_6484_1886340796_1875851132'  data-autoplay='0'  data-videoid='LHQ2khJ2Vk8'  data-hd='1'  data-rel='0'  data-wmode='opaque'  data-loop='0'  data-version='3'  data-autohide='1'  data-color='white'  data-controls='1'  data-iv_load_policy='3'  data-original_url='https:\/\/www.youtube.com\/watch?v=LHQ2khJ2Vk8' ><\/div><\/div><div class=\"av-click-to-play-overlay\"><div class=\"avia_playpause_icon\"><\/div><\/div><\/div><\/li><\/ul><\/div>\n<section  class='av_textblock_section av-m68lr0o1-c0cd10d18629f63c03377433ac92b6ed '   itemscope=\"itemscope\" itemtype=\"https:\/\/schema.org\/CreativeWork\" ><div class='avia_textblock'  itemprop=\"text\" ><p>I\u00a0 R\u00c9ALIS\u00c9 PAR GUY VINCENT ET YANN TOSSEYN \u00a0\u00a0<a href=\"https:\/\/yanntosseyn.com\/\">yanntosseyn.com<\/a><\/p>\n<\/div><\/section>\n<div  class='avia-button-wrap av-m6avfcna-dd5b11df25ee46668e6dc68ba75dda6d-wrap avia-button-center  avia-builder-el-19  el_after_av_textblock  el_before_av_textblock '><a href='https:\/\/www.youtube.com\/watch?v=LHQ2khJ2Vk8'  class='avia-button av-m6avfcna-dd5b11df25ee46668e6dc68ba75dda6d avia-icon_select-yes-left-icon avia-size-small avia-position-center avia-color-theme-color'  ><span class='avia_button_icon avia_button_icon_left' aria-hidden='true' data-av_icon='\ue80d' data-av_iconfont='entypo-fontello'><\/span><span class='avia_iconbox_title' >Lien vers la vid\u00e9o<\/span><\/a><\/div>\n<section  class='av_textblock_section av-m3k6gwqu-ab5b70227d59b0f99024e6352f80bd02 '   itemscope=\"itemscope\" itemtype=\"https:\/\/schema.org\/CreativeWork\" ><div class='avia_textblock'  itemprop=\"text\" ><h2>Clarisses d&rsquo;Arras : notre projet<\/h2>\n<\/div><\/section>\n<div  class='avia-slideshow av-m6avk21c-8f3fdbd128bf9e7605a436607a979f25 avia-slideshow-featured av_slideshow avia-slide-slider  avia-builder-el-21  el_after_av_textblock  el_before_av_button  av-slideshow-ui av-control-default av-slideshow-manual av-loop-once av-loop-manual-endless av-default-height-applied avia-slideshow-4' data-slideshow-options=\"{&quot;animation&quot;:&quot;slide&quot;,&quot;autoplay&quot;:false,&quot;loop_autoplay&quot;:&quot;once&quot;,&quot;interval&quot;:5,&quot;loop_manual&quot;:&quot;manual-endless&quot;,&quot;autoplay_stopper&quot;:false,&quot;noNavigation&quot;:false,&quot;bg_slider&quot;:false,&quot;keep_padding&quot;:false,&quot;hoverpause&quot;:false,&quot;show_slide_delay&quot;:0}\"  itemprop=\"image\" itemscope=\"itemscope\" itemtype=\"https:\/\/schema.org\/ImageObject\" ><ul class='avia-slideshow-inner ' style='padding-bottom: 28.666666666667%;'><li  data-controls='' data-mute='' data-loop='' data-disable-autoplay='aviaTBaviaTBvideo_autoplay'  data-mobile-img='https:\/\/wp.steclairearras.org\/2024\/wp-content\/uploads\/2025\/01\/Capture-decran-2025-01-24-a-15.44.28-1500x430.png' data-fallback-link='https:\/\/' data-video-ratio='1.7777777777778' class='avia-slideshow-slide av-m6avk21c-8f3fdbd128bf9e7605a436607a979f25__0  av-video-slide  av-video-service-youtube  av-mobile-fallback-image  av-single-slide slide-1 slide-odd'><div data-rel='slideshow-4' class='avia-slide-wrap ' style='background-image:url(\"https:\/\/wp.steclairearras.org\/2024\/wp-content\/uploads\/2025\/01\/Capture-decran-2025-01-24-a-15.44.28-1500x430.png\");'  ><div class='av-click-overlay'><\/div><div class='mejs-mediaelement'  itemprop=\"video\" itemtype=\"https:\/\/schema.org\/VideoObject\" ><div height='1600' width='900' class='av_youtube_frame' id='player_6484_855800551_1447001319'  data-autoplay='0'  data-videoid='TuzIRlBkgXQ'  data-hd='1'  data-rel='0'  data-wmode='opaque'  data-loop='0'  data-version='3'  data-autohide='1'  data-color='white'  data-controls='1'  data-iv_load_policy='3'  data-original_url='https:\/\/www.youtube.com\/watch?v=TuzIRlBkgXQ' ><\/div><\/div><div class=\"av-click-to-play-overlay\"><div class=\"avia_playpause_icon\"><\/div><\/div><\/div><\/li><\/ul><\/div>\n<div  class='avia-button-wrap av-m6avkiln-71c358c0ec8b46eafcad0179bc986f73-wrap avia-button-center  avia-builder-el-22  el_after_av_slideshow  avia-builder-el-last '><a href='https:\/\/www.youtube.com\/watch?v=TuzIRlBkgXQ'  class='avia-button av-m6avkiln-71c358c0ec8b46eafcad0179bc986f73 avia-icon_select-yes-left-icon avia-size-small avia-position-center avia-color-theme-color'  ><span class='avia_button_icon avia_button_icon_left' aria-hidden='true' data-av_icon='\ue80d' data-av_iconfont='entypo-fontello'><\/span><span class='avia_iconbox_title' >Lien vers la vid\u00e9o<\/span><\/a><\/div>\n<\/div><\/div><\/div><!-- close content main div --><\/div><\/div><div id='after_section_2'  class='main_color av_default_container_wrap container_wrap sidebar_right'  ><div class='container av-section-cont-open' ><div class='template-page content  av-content-small alpha units'><div class='post-entry post-entry-type-page post-entry-6484'><div class='entry-content-wrapper clearfix'>\n","protected":false},"excerpt":{"rendered":"","protected":false},"author":13,"featured_media":0,"parent":0,"menu_order":0,"comment_status":"closed","ping_status":"closed","template":"","meta":{"footnotes":""},"class_list":["post-6484","page","type-page","status-publish","hentry"],"_links":{"self":[{"href":"https:\/\/wp.steclairearras.org\/2024\/wp-json\/wp\/v2\/pages\/6484","targetHints":{"allow":["GET"]}}],"collection":[{"href":"https:\/\/wp.steclairearras.org\/2024\/wp-json\/wp\/v2\/pages"}],"about":[{"href":"https:\/\/wp.steclairearras.org\/2024\/wp-json\/wp\/v2\/types\/page"}],"author":[{"embeddable":true,"href":"https:\/\/wp.steclairearras.org\/2024\/wp-json\/wp\/v2\/users\/13"}],"replies":[{"embeddable":true,"href":"https:\/\/wp.steclairearras.org\/2024\/wp-json\/wp\/v2\/comments?post=6484"}],"version-history":[{"count":23,"href":"https:\/\/wp.steclairearras.org\/2024\/wp-json\/wp\/v2\/pages\/6484\/revisions"}],"predecessor-version":[{"id":7092,"href":"https:\/\/wp.steclairearras.org\/2024\/wp-json\/wp\/v2\/pages\/6484\/revisions\/7092"}],"wp:attachment":[{"href":"https:\/\/wp.steclairearras.org\/2024\/wp-json\/wp\/v2\/media?parent=6484"}],"curies":[{"name":"wp","href":"https:\/\/api.w.org\/{rel}","templated":true}]}}