{"id":31,"date":"2023-08-03T15:41:48","date_gmt":"2023-08-03T13:41:48","guid":{"rendered":"http:\/\/wp.steclairearras.org\/wordpress\/?page_id=31"},"modified":"2023-09-22T16:37:44","modified_gmt":"2023-09-22T14:37:44","slug":"horaires","status":"publish","type":"page","link":"https:\/\/wp.steclairearras.org\/wordpress\/horaires\/","title":{"rendered":"Nos horaires"},"content":{"rendered":"\n<h2 class=\"wp-block-heading has-text-align-center\" id=\"top\">Horaires des offices<\/h2>\n\n\n\n<figure class=\"wp-block-table is-style-stripes\"><table style=\"border-width:3px\"><thead><tr><th class=\"has-text-align-center\" data-align=\"center\"><\/th><th class=\"has-text-align-center\" data-align=\"center\">Horaires<br>en semaine<\/th><th class=\"has-text-align-center\" data-align=\"center\">Horaires<br>le samedi<\/th><th class=\"has-text-align-center\" data-align=\"center\">Horaires<br>le dimanche<\/th><\/tr><\/thead><tbody><tr><td class=\"has-text-align-center\" data-align=\"center\"><strong>LAUDES<\/strong><\/td><td class=\"has-text-align-center\" data-align=\"center\">7h50<\/td><td class=\"has-text-align-center\" data-align=\"center\">7h50<\/td><td class=\"has-text-align-center\" data-align=\"center\">7h50<sub> (Office de la R\u00e9surrection)<\/sub><\/td><\/tr><tr><td class=\"has-text-align-center\" data-align=\"center\"><strong>SEXTE<\/strong><\/td><td class=\"has-text-align-center\" data-align=\"center\">12h00<\/td><td class=\"has-text-align-center\" data-align=\"center\">12h00<\/td><td class=\"has-text-align-center\" data-align=\"center\">12h00<\/td><\/tr><tr><td class=\"has-text-align-center\" data-align=\"center\"><strong>V\u00caPRES<\/strong><\/td><td class=\"has-text-align-center\" data-align=\"center\">16h45<\/td><td class=\"has-text-align-center\" data-align=\"center\">18h15 <sub>(Lucernaire)<\/sub><\/td><td class=\"has-text-align-center\" data-align=\"center\">17h15 <sub>(Lucernaire)<\/sub><\/td><\/tr><tr><td class=\"has-text-align-center\" data-align=\"center\"><strong>COMPLIES<\/strong><\/td><td class=\"has-text-align-center\" data-align=\"center\">20h10<\/td><td class=\"has-text-align-center\" data-align=\"center\">20h10<\/td><td class=\"has-text-align-center\" data-align=\"center\">19h10<\/td><\/tr><tr><td class=\"has-text-align-center\" data-align=\"center\"><strong>ADORATION<\/strong><\/td><td class=\"has-text-align-center\" data-align=\"center\">17h15-18h15<\/td><td class=\"has-text-align-center\" data-align=\"center\">17h15-18h15<\/td><td class=\"has-text-align-center\" data-align=\"center\">10h00-12h00<br>14h45-17h15<\/td><\/tr><\/tbody><\/table><\/figure>\n\n\n\n<h2 class=\"wp-block-heading has-text-align-center\">Horaires des messes<\/h2>\n\n\n\n<div class=\"wp-block-columns is-layout-flex wp-container-core-columns-is-layout-9d6595d7 wp-block-columns-is-layout-flex\">\n<div class=\"wp-block-column is-vertically-aligned-center is-layout-flow wp-block-column-is-layout-flow\"><div class=\"wp-block-image\">\n<figure class=\"aligncenter size-full is-resized\"><img decoding=\"async\" src=\"http:\/\/wp.steclairearras.org\/wordpress\/wp-content\/uploads\/2023\/09\/calendrier-1.png\" alt=\"\" class=\"wp-image-534\" style=\"width:200px\" width=\"200\" srcset=\"https:\/\/wp.steclairearras.org\/wordpress\/wp-content\/uploads\/2023\/09\/calendrier-1.png 735w, https:\/\/wp.steclairearras.org\/wordpress\/wp-content\/uploads\/2023\/09\/calendrier-1-278x300.png 278w\" sizes=\"(max-width: 735px) 100vw, 735px\" \/><\/figure>\n<\/div>\n\n\n<h4 class=\"wp-block-heading has-text-align-center has-text-color\" style=\"color:#993300\">8h45<\/h4>\n<\/div>\n\n\n\n<div class=\"wp-block-column is-vertically-aligned-center is-layout-flow wp-block-column-is-layout-flow\"><div class=\"wp-block-image\">\n<figure class=\"aligncenter size-full is-resized\"><img decoding=\"async\" src=\"http:\/\/wp.steclairearras.org\/wordpress\/wp-content\/uploads\/2023\/09\/calendrier-B.png\" alt=\"\" class=\"wp-image-538\" style=\"width:200px\" width=\"200\" srcset=\"https:\/\/wp.steclairearras.org\/wordpress\/wp-content\/uploads\/2023\/09\/calendrier-B.png 735w, https:\/\/wp.steclairearras.org\/wordpress\/wp-content\/uploads\/2023\/09\/calendrier-B-278x300.png 278w\" sizes=\"(max-width: 735px) 100vw, 735px\" \/><\/figure>\n<\/div>\n\n\n<h4 class=\"wp-block-heading has-text-align-center has-text-color\" style=\"color:#993300\">18h30<\/h4>\n<\/div>\n\n\n\n<div class=\"wp-block-column is-vertically-aligned-center is-layout-flow wp-block-column-is-layout-flow\"><div class=\"wp-block-image\">\n<figure class=\"aligncenter size-full is-resized\"><img decoding=\"async\" src=\"http:\/\/wp.steclairearras.org\/wordpress\/wp-content\/uploads\/2023\/09\/calendrier-3.png\" alt=\"\" class=\"wp-image-536\" style=\"width:200px\" width=\"200\" srcset=\"https:\/\/wp.steclairearras.org\/wordpress\/wp-content\/uploads\/2023\/09\/calendrier-3.png 735w, https:\/\/wp.steclairearras.org\/wordpress\/wp-content\/uploads\/2023\/09\/calendrier-3-278x300.png 278w\" sizes=\"(max-width: 735px) 100vw, 735px\" \/><\/figure>\n<\/div>\n\n\n<h4 class=\"wp-block-heading has-text-align-center has-text-color\" style=\"color:#993300\">9h00<\/h4>\n<\/div>\n<\/div>\n\n\n\n<div class=\"wp-block-columns is-layout-flex wp-container-core-columns-is-layout-9d6595d7 wp-block-columns-is-layout-flex\">\n<div class=\"wp-block-column is-vertically-aligned-top is-layout-flow wp-block-column-is-layout-flow\" style=\"flex-basis:33.33%\">\n<h4 class=\"wp-block-heading has-text-align-center has-text-color\" style=\"color:#993300\">Exceptions<\/h4>\n<\/div>\n\n\n\n<div class=\"wp-block-column is-layout-flow wp-block-column-is-layout-flow\" style=\"flex-basis:66.66%\">\n<ul class=\"wp-block-list\">\n<li>Messe \u00e0 8h45 le Lundi 23 octobre<\/li>\n\n\n\n<li>Messe \u00e0 8h45 le Lundi 30 novembre<\/li>\n<\/ul>\n<\/div>\n<\/div>\n\n\n\n<div style=\"height:50px\" aria-hidden=\"true\" class=\"wp-block-spacer\"><\/div>\n\n\n\n<h2 class=\"wp-block-heading has-text-align-center\">Les solennit\u00e9s importantes<\/h2>\n\n\n\n<div class=\"wp-block-columns is-layout-flex wp-container-core-columns-is-layout-9d6595d7 wp-block-columns-is-layout-flex\">\n<div class=\"wp-block-column is-layout-flow wp-block-column-is-layout-flow\"><div class=\"wp-block-image\">\n<figure class=\"aligncenter size-full is-resized\"><img loading=\"lazy\" decoding=\"async\" src=\"http:\/\/wp.steclairearras.org\/wordpress\/wp-content\/uploads\/2023\/08\/481px-Sint-Coleta.jpeg\" alt=\"\" class=\"wp-image-35\" style=\"width:180px;height:269px\" width=\"180\" height=\"269\" srcset=\"https:\/\/wp.steclairearras.org\/wordpress\/wp-content\/uploads\/2023\/08\/481px-Sint-Coleta.jpeg 481w, https:\/\/wp.steclairearras.org\/wordpress\/wp-content\/uploads\/2023\/08\/481px-Sint-Coleta-201x300.jpeg 201w\" sizes=\"auto, (max-width: 180px) 100vw, 180px\" \/><\/figure>\n<\/div>\n\n\n<h5 class=\"wp-block-heading has-text-align-center\" style=\"text-transform:uppercase\">Sainte COLETTE<\/h5>\n\n\n\n<p class=\"has-text-align-center\">F\u00eat\u00e9e le 6 mars<\/p>\n<\/div>\n\n\n\n<div class=\"wp-block-column is-layout-flow wp-block-column-is-layout-flow\"><div class=\"wp-block-image\">\n<figure class=\"aligncenter size-full is-resized\"><img loading=\"lazy\" decoding=\"async\" src=\"http:\/\/wp.steclairearras.org\/wordpress\/wp-content\/uploads\/2023\/08\/464px-Unknown_painter_-_Altarpiece_of_St_Clare_-_WGA23880.jpg\" alt=\"\" class=\"wp-image-37\" style=\"width:175px;height:271px\" width=\"175\" height=\"271\" srcset=\"https:\/\/wp.steclairearras.org\/wordpress\/wp-content\/uploads\/2023\/08\/464px-Unknown_painter_-_Altarpiece_of_St_Clare_-_WGA23880.jpg 464w, https:\/\/wp.steclairearras.org\/wordpress\/wp-content\/uploads\/2023\/08\/464px-Unknown_painter_-_Altarpiece_of_St_Clare_-_WGA23880-193x300.jpg 193w\" sizes=\"auto, (max-width: 175px) 100vw, 175px\" \/><\/figure>\n<\/div>\n\n\n<h5 class=\"wp-block-heading has-text-align-center\" style=\"text-transform:uppercase\">Sainte Claire<\/h5>\n\n\n\n<p class=\"has-text-align-center\">F\u00eat\u00e9e le 11 ao\u00fbt<\/p>\n<\/div>\n\n\n\n<div class=\"wp-block-column is-layout-flow wp-block-column-is-layout-flow\"><div class=\"wp-block-image\">\n<figure class=\"aligncenter size-full is-resized\"><img loading=\"lazy\" decoding=\"async\" src=\"http:\/\/wp.steclairearras.org\/wordpress\/wp-content\/uploads\/2023\/08\/536px-Giotto_-_Legend_of_St_Francis_-_-15-_-_Sermon_to_the_Birds.jpg\" alt=\"\" class=\"wp-image-36\" style=\"width:199px;height:266px\" width=\"199\" height=\"266\"\/><\/figure>\n<\/div>\n\n\n<h5 class=\"wp-block-heading has-text-align-center\" style=\"text-transform:uppercase\">Saint Fran\u00e7ois<\/h5>\n\n\n\n<p class=\"has-text-align-center\">F\u00eat\u00e9 le 4 octobre<\/p>\n<\/div>\n<\/div>\n\n\n\n<div style=\"height:50px\" aria-hidden=\"true\" class=\"wp-block-spacer\"><\/div>\n\n\n\n<h2 class=\"wp-block-heading has-text-align-center\">Rencontrer une s\u0153ur<\/h2>\n\n\n\n<div class=\"wp-block-media-text alignwide is-stacked-on-mobile\" style=\"grid-template-columns:34% auto\"><figure class=\"wp-block-media-text__media\"><img loading=\"lazy\" decoding=\"async\" width=\"1024\" height=\"768\" src=\"http:\/\/wp.steclairearras.org\/wordpress\/wp-content\/uploads\/2023\/08\/soeurs__parc_maison_diocsaine-1024x768.jpg\" alt=\"\" class=\"wp-image-34 size-full\" srcset=\"https:\/\/wp.steclairearras.org\/wordpress\/wp-content\/uploads\/2023\/08\/soeurs__parc_maison_diocsaine-1024x768.jpg 1024w, https:\/\/wp.steclairearras.org\/wordpress\/wp-content\/uploads\/2023\/08\/soeurs__parc_maison_diocsaine-300x225.jpg 300w, https:\/\/wp.steclairearras.org\/wordpress\/wp-content\/uploads\/2023\/08\/soeurs__parc_maison_diocsaine-768x576.jpg 768w, https:\/\/wp.steclairearras.org\/wordpress\/wp-content\/uploads\/2023\/08\/soeurs__parc_maison_diocsaine-1536x1152.jpg 1536w, https:\/\/wp.steclairearras.org\/wordpress\/wp-content\/uploads\/2023\/08\/soeurs__parc_maison_diocsaine.jpg 1600w\" sizes=\"auto, (max-width: 1024px) 100vw, 1024px\" \/><\/figure><div class=\"wp-block-media-text__content\">\n<p>De pr\u00e9f\u00e9rence entre<strong> 9h et 11h30<\/strong>, entre <strong>15h et 16h30<\/strong>, <strong>sauf le lundi<\/strong>, o\u00f9 la communaut\u00e9 tient son Chapitre (r\u00e9union communautaire).<\/p>\n\n\n\n<p>La Communaut\u00e9 vit une <strong>\u00ab\u00a0journ\u00e9e de d\u00e9sert\u00a0\u00bb<\/strong> <strong>un mardi par mois<\/strong>, et un <strong>plus grand retrait<\/strong> \u00e0 certaines p\u00e9riodes de l\u2019ann\u00e9e, en particulier <strong>de la Toussaint \u00e0 No\u00ebl<\/strong>, pendant le <strong>Car\u00eame <\/strong>et <strong>entre l\u2019Ascension et la Pentec\u00f4te<\/strong>.<\/p>\n\n\n\n<p><strong>Merci d\u2019en tenir compte<\/strong> et de nous aider \u00e0 mieux remplir notre mission de pri\u00e8re en ne sollicitant pas d\u2019entretien au parloir durant ces p\u00e9riodes, \u00e0 moins d\u2019une vraie n\u00e9cessit\u00e9.<\/p>\n<\/div><\/div>\n\n\n\n<blockquote class=\"wp-block-quote is-layout-flow wp-block-quote-is-layout-flow\">\n<div style=\"height:50px\" aria-hidden=\"true\" class=\"wp-block-spacer\"><\/div>\n\n\n\n<p class=\"has-text-align-center has-text-color\" style=\"color:#993300;font-style:italic;font-weight:800\">\u00ab\u00a0Toute ma vie, je vais te b\u00e9nir,<\/p>\n\n\n\n<p class=\"has-text-align-center has-text-color\" style=\"color:#993300;font-style:italic;font-weight:800\">lever les mains en invoquant ton Nom.<\/p>\n\n\n\n<p class=\"has-text-align-center has-text-color\" style=\"color:#993300;font-style:italic;font-weight:800\">Comme par un festin je serai rassasi\u00e9,<\/p>\n\n\n\n<p class=\"has-text-align-center has-text-color\" style=\"color:#993300;font-style:italic;font-weight:800\">la joie sur les l\u00e8vres, je dirai ta louange\u00a0\u00bb.<\/p>\n<\/blockquote>\n","protected":false},"excerpt":{"rendered":"<p>Horaires des offices Horairesen semaine Horairesle samedi Horairesle dimanche LAUDES 7h50 7h50 7h50 (Office de la R\u00e9surrection) SEXTE 12h00 12h00 12h00 V\u00caPRES 16h45 18h15 (Lucernaire) 17h15 (Lucernaire) COMPLIES 20h10 20h10 19h10 ADORATION 17h15-18h15 17h15-18h15 10h00-12h0014h45-17h15 Horaires des messes 8h45 18h30 9h00 Exceptions Les solennit\u00e9s importantes Sainte COLETTE F\u00eat\u00e9e le 6 mars Sainte Claire F\u00eat\u00e9e le [&hellip;]<\/p>\n","protected":false},"author":1,"featured_media":0,"parent":0,"menu_order":0,"comment_status":"closed","ping_status":"closed","template":"","meta":{"footnotes":""},"class_list":["post-31","page","type-page","status-publish","hentry"],"_links":{"self":[{"href":"https:\/\/wp.steclairearras.org\/wordpress\/wp-json\/wp\/v2\/pages\/31","targetHints":{"allow":["GET"]}}],"collection":[{"href":"https:\/\/wp.steclairearras.org\/wordpress\/wp-json\/wp\/v2\/pages"}],"about":[{"href":"https:\/\/wp.steclairearras.org\/wordpress\/wp-json\/wp\/v2\/types\/page"}],"author":[{"embeddable":true,"href":"https:\/\/wp.steclairearras.org\/wordpress\/wp-json\/wp\/v2\/users\/1"}],"replies":[{"embeddable":true,"href":"https:\/\/wp.steclairearras.org\/wordpress\/wp-json\/wp\/v2\/comments?post=31"}],"version-history":[{"count":25,"href":"https:\/\/wp.steclairearras.org\/wordpress\/wp-json\/wp\/v2\/pages\/31\/revisions"}],"predecessor-version":[{"id":546,"href":"https:\/\/wp.steclairearras.org\/wordpress\/wp-json\/wp\/v2\/pages\/31\/revisions\/546"}],"wp:attachment":[{"href":"https:\/\/wp.steclairearras.org\/wordpress\/wp-json\/wp\/v2\/media?parent=31"}],"curies":[{"name":"wp","href":"https:\/\/api.w.org\/{rel}","templated":true}]}}