{"id":330,"date":"2023-09-19T15:26:34","date_gmt":"2023-09-19T13:26:34","guid":{"rendered":"https:\/\/wp.steclairearras.org\/wordpress\/?page_id=330"},"modified":"2023-09-19T15:33:26","modified_gmt":"2023-09-19T13:33:26","slug":"accueil","status":"publish","type":"page","link":"https:\/\/wp.steclairearras.org\/wordpress\/","title":{"rendered":"Accueil"},"content":{"rendered":"\n<div class=\"wp-block-columns is-layout-flex wp-container-core-columns-is-layout-9d6595d7 wp-block-columns-is-layout-flex\">\n<div class=\"wp-block-column is-vertically-aligned-center is-layout-flow wp-block-column-is-layout-flow\">\n<p>Nous sommes 9 s\u0153urs d&rsquo;\u00e2ges et d&rsquo;origines diff\u00e9rentes. Fortes des valeurs de Saint Fran\u00e7ois d&rsquo;Assise et Sainte Claire, et gr\u00e2ce au d\u00e9vouement de Sainte Colette, nous vivons la fraternit\u00e9 dans notre monast\u00e8re en plein c\u0153ur d&rsquo;Arras<\/p>\n<\/div>\n\n\n\n<div class=\"wp-block-column is-layout-flow wp-block-column-is-layout-flow\">\n<figure class=\"wp-block-embed is-type-video is-provider-youtube wp-block-embed-youtube wp-embed-aspect-16-9 wp-has-aspect-ratio\"><div class=\"wp-block-embed__wrapper\">\n<iframe loading=\"lazy\" title=\"Clarisses d&#039;Arras : hier et aujourd&#039;hui...\" width=\"500\" height=\"281\" src=\"https:\/\/www.youtube.com\/embed\/LHQ2khJ2Vk8?feature=oembed\" frameborder=\"0\" allow=\"accelerometer; autoplay; clipboard-write; encrypted-media; gyroscope; picture-in-picture; web-share\" referrerpolicy=\"strict-origin-when-cross-origin\" allowfullscreen><\/iframe>\n<\/div><\/figure>\n<\/div>\n<\/div>\n\n\n\n<div style=\"height:50px\" aria-hidden=\"true\" class=\"wp-block-spacer\"><\/div>\n\n\n\n<h2 class=\"wp-block-heading has-text-align-center\">Nos interventions sur Radio Maria<\/h2>\n\n\n<div class=\"wp-block-image zoom2 is-style-default\">\n<figure class=\"aligncenter size-large is-resized\"><a href=\"https:\/\/soundcloud.com\/radiomariafrance\/sets\/lesprit-franciscain\" target=\"_blank\" rel=\"noreferrer noopener\"><img loading=\"lazy\" decoding=\"async\" src=\"http:\/\/wp.steclairearras.org\/wordpress\/wp-content\/uploads\/2023\/09\/image_2023-09-19_115043628-1024x768.png\" alt=\"\" class=\"wp-image-284\" style=\"width:621px;height:466px\" width=\"621\" height=\"466\" srcset=\"https:\/\/wp.steclairearras.org\/wordpress\/wp-content\/uploads\/2023\/09\/image_2023-09-19_115043628-1024x768.png 1024w, https:\/\/wp.steclairearras.org\/wordpress\/wp-content\/uploads\/2023\/09\/image_2023-09-19_115043628-300x225.png 300w, https:\/\/wp.steclairearras.org\/wordpress\/wp-content\/uploads\/2023\/09\/image_2023-09-19_115043628-768x576.png 768w, https:\/\/wp.steclairearras.org\/wordpress\/wp-content\/uploads\/2023\/09\/image_2023-09-19_115043628.png 1170w\" sizes=\"auto, (max-width: 621px) 100vw, 621px\" \/><\/a><\/figure>\n<\/div>\n\n\n<p class=\"has-text-align-center\">Chaque premier jeudi du mois \u00e0 18h30, d\u00e9couvrez un nouvel<br>\u00e9pisode de notre podcast \u00ab\u00a0L&rsquo;esprit franciscain\u00a0\u00bb sur Radio Maria<\/p>\n\n\n\n<div style=\"height:50px\" aria-hidden=\"true\" class=\"wp-block-spacer\"><\/div>\n\n\n\n<h2 class=\"wp-block-heading has-text-align-center\">Les actualit\u00e9s du monast\u00e8re<\/h2>\n","protected":false},"excerpt":{"rendered":"<p>Nous sommes 9 s\u0153urs d&rsquo;\u00e2ges et d&rsquo;origines diff\u00e9rentes. Fortes des valeurs de Saint Fran\u00e7ois d&rsquo;Assise et Sainte Claire, et gr\u00e2ce au d\u00e9vouement de Sainte Colette, nous vivons la fraternit\u00e9 dans notre monast\u00e8re en plein c\u0153ur d&rsquo;Arras Nos interventions sur Radio Maria Chaque premier jeudi du mois \u00e0 18h30, d\u00e9couvrez un nouvel\u00e9pisode de notre podcast \u00ab\u00a0L&rsquo;esprit [&hellip;]<\/p>\n","protected":false},"author":1,"featured_media":0,"parent":0,"menu_order":0,"comment_status":"closed","ping_status":"closed","template":"","meta":{"footnotes":""},"class_list":["post-330","page","type-page","status-publish","hentry"],"_links":{"self":[{"href":"https:\/\/wp.steclairearras.org\/wordpress\/wp-json\/wp\/v2\/pages\/330","targetHints":{"allow":["GET"]}}],"collection":[{"href":"https:\/\/wp.steclairearras.org\/wordpress\/wp-json\/wp\/v2\/pages"}],"about":[{"href":"https:\/\/wp.steclairearras.org\/wordpress\/wp-json\/wp\/v2\/types\/page"}],"author":[{"embeddable":true,"href":"https:\/\/wp.steclairearras.org\/wordpress\/wp-json\/wp\/v2\/users\/1"}],"replies":[{"embeddable":true,"href":"https:\/\/wp.steclairearras.org\/wordpress\/wp-json\/wp\/v2\/comments?post=330"}],"version-history":[{"count":3,"href":"https:\/\/wp.steclairearras.org\/wordpress\/wp-json\/wp\/v2\/pages\/330\/revisions"}],"predecessor-version":[{"id":335,"href":"https:\/\/wp.steclairearras.org\/wordpress\/wp-json\/wp\/v2\/pages\/330\/revisions\/335"}],"wp:attachment":[{"href":"https:\/\/wp.steclairearras.org\/wordpress\/wp-json\/wp\/v2\/media?parent=330"}],"curies":[{"name":"wp","href":"https:\/\/api.w.org\/{rel}","templated":true}]}}